en 823750 is divided by 673.
671
What is the remainder when 99359 is divided by 4516?
7
What is the remainder when 1407 is divided by 36?
3
What is the remainder when 49342 is divided by 64?
62
Calculate the remainder when 1135120 is divided by 37.
34
What is the remainder when 6468 is divided by 462?
0
Calculate the remainder when 34603 is divided by 86.
31
What is the remainder when 13522 is divided by 583?
113
What is the remainder when 1948 is divided by 32?
28
What is the remainder when 25190 is divided by 1320?
110
What is the remainder when 6240 is divided by 268?
76
What is the remainder when 151301 is divided by 127?
44
What is the remainder when 15534 is divided by 140?
134
Calculate the remainder when 1049947 is divided by 55.
52
What is the remainder when 582 is divided by 541?
41
What is the remainder when 6890 is divided by 40?
10
What is the remainder when 1596 is divided by 226?
14
What is the remainder when 37288 is divided by 6?
4
Calculate the remainder when 34983 is divided by 92.
23
What is the remainder when 1517741 is divided by 73?
71
What is the remainder when 2135 is divided by 1055?
25
What is the remainder when 70598 is divided by 5881?
26
What is the remainder when 56213 is divided by 18?
17
What is the remainder when 444396 is divided by 42?
36
Calculate the remainder when 6654 is divided by 363.
120
Calculate the remainder when 42137 is divided by 149.
119
What is the remainder when 2269046 is divided by 29?
28
Calculate the remainder when 8185 is divided by 2043.
13
What is the remainder when 1336 is divided by 1333?
3
Calculate the remainder when 161183 is divided by 707.
694
What is the remainder when 13497 is divided by 3219?
621
What is the remainder when 112753 is divided by 874?
7
Calculate the remainder when 3125 is divided by 460.
365
What is the remainder when 38726 is divided by 320?
6
What is the remainder when 55342 is divided by 73?
8
What is the remainder when 14316 is divided by 252?
204
What is the remainder when 3241 is divided by 191?
185
Calculate the remainder when 66172 is divided by 16540.
12
Calculate the remainder when 3959 is divided by 785.
34
What is the remainder when 11209 is divided by 844?
237
What is the remainder when 122644 is divided by 40878?
10
What is the remainder when 32000 is divided by 13?
7
What is the remainder when 39074 is divided by 346?
322
What is the remainder when 9240 is divided by 50?
40
Calculate the remainder when 10409 is divided by 1970.
559
Calculate the remainder when 51291 is divided by 106.
93
What is the remainder when 37643 is divided by 7528?
3
What is the remainder when 221198 is divided by 73726?
20
What is the remainder when 35437 is divided by 131?
67
What is the remainder when 20672 is divided by 6861?
89
What is the remainder when 3306 is divided by 268?
90
Calculate the remainder when 300 is divided by 146.
8
Calculate the remainder when 35392 is divided by 29.
12
Calculate the remainder when 222 is divided by 37.
0
What is the remainder when 93186 is divided by 561?
60
Calculate the remainder when 7383 is divided by 1838.
31
What is the remainder when 48145 is divided by 89?
85
Calculate the remainder when 141483 is divided by 38.
9
Calculate the remainder when 34601 is divided by 45.
41
What is the remainder when 4442 is divided by 1455?
77
What is the remainder when 9717 is divided by 382?
167
Calculate the remainder when 46719 is divided by 11670.
39
What is the remainder when 55 is divided by 19?
17
Calculate the remainder when 963 is divided by 124.
95
What is the remainder when 354393 is divided by 42?
39
What is the remainder when 18522 is divided by 805?
7
What is the remainder when 282468 is divided by 11768?
36
What is the remainder when 280711 is divided by 115?
111
Calculate the remainder when 6859 is divided by 2282.
13
What is the remainder when 182648 is divided by 1535?
1518
What is the remainder when 26966 is divided by 816?
38
What is the remainder when 6077 is divided by 88?
5
Calculate the remainder when 418763 is divided by 2991.
23
What is the remainder when 21618 is divided by 6848?
1074
What is the remainder when 19933 is divided by 3312?
61
Calculate the remainder when 3773 is divided by 318.
275
Calculate the remainder when 234702 is divided by 762.
6
What is the remainder when 93730 is divided by 214?
212
What is the remainder when 2786 is divided by 917?
35
What is the remainder when 60249 is divided by 363?
354
What is the remainder when 1101446 is divided by 313?
312
What is the remainder when 160774 is divided by 132?
130
What is the remainder when 9581 is divided by 37?
35
What is the remainder when 185342 is divided by 95?
92
Calculate the remainder when 1998674 is divided by 423.
422
Calculate the remainder when 7987 is divided by 74.
69
Calculate the remainder when 15899 is divided by 992.
27
What is the remainder when 23545 is divided by 61?
60
What is the remainder when 8444 is divided by 134?
2
What is the remainder when 36952 is divided by 12306?
34
What is the remainder when 26057 is divided by 791?
745
Calculate the remainder when 6242083 is divided by 207.
205
What is the remainder when 45083 is divided by 7?
3
Calculate the remainder when 98832 is divided by 140.
132
What is the remainder when 2049 is divided by 772?
505
What is the remainder when 138713 is divided by 544?
537
Calculate the remainder when 16240 is divided by 123.
4
Calculate the remainder when 186923 is divided by 25.
23
Calculate the remainder when 944 is divided by 176.
64
Calculate the remainder when 79622 is divided by 28.
18
Calculate the remainder when 17135 is divided by 81.
44
Calculate the remainder when 626 is divided by 50.
26
What is the remainder when 21367 is divided by 2123?
137
Calculate the remainder when 611 is divided by 586.
25
What is the remainder when 134073 is divided by 7?
2
Calculate the remainder when 292 is divided by 280.
12
What is the remainder when 44199 is divided by 50?
49
Calculate the remainder when 38407 is divided by 505.
27
What is the remainder when 57424 is divided by 5220?
4
What is the remainder when 48432 is divided by 5381?
3
What is the remainder when 45151 is divided by 1026?
7
What is the remainder when 4486 is divided by 745?
16
What is the remainder when 2000 is divided by 106?
92
What is the remainder when 246810 is divided by 1884?
6
What is the remainder when 1233 is divided by 337?
222
What is the remainder when 2525213 is divided by 73?
70
Calculate the remainder when 8030 is divided by 546.
386
Calculate the remainder when 3349 is divided by 476.
17
Calculate the remainder when 5022 is divided by 2461.
100
Calculate the remainder when 3965 is divided by 1272.
149
What is the remainder when 7044 is divided by 93?
69
Calculate the remainder when 3911 is divided by 135.
131
What is the remainder when 13491 is divided by 270?
261
What is the remainder when 48203 is divided by 68?
59
Calculate the remainder when 42317 is divided by 1361.
126
What is the remainder when 33748 is divided by 33747?
1
Calculate the remainder when 18188 is divided by 25.
13
Calculate the remainder when 973 is divided by 468.
37
What is the remainder when 457 is divided by 150?
7
What is the remainder when 254972 is divided by 17?
6
What is the remainder when 222476 is divided by 74155?
11
Calculate the remainder when 2335 is divided by 1148.
39
Calculate the remainder when 5685 is divided by 1134.
15
Calculate the remainder when 3453 is divided by 491.
16
What is the remainder when 6844 is divided by 277?
196
Calculate the remainder when 99959 is divided by 1234.
5
What is the remainder when 7535 is divided by 146?
89
Calculate the remainder when 41730 is divided by 623.
612
Calculate the remainder when 7839 is divided by 309.
114
What is the remainder when 10573 is divided by 275?
123
What is the remainder when 275952 is divided by 415?
392
Calculate the remainder when 187719 is divided by 190.
189
What is the remainder when 8006779 is divided by 1723?
1721
What is the remainder when 39074 is divided by 13002?
68
Calculate the remainder when 5820 is divided by 140.
80
What is the remainder when 8848 is divided by 8827?
21
What is the remainder when 124419 is divided by 412?
407
Calculate the remaind